0?
1
What is the ten thousands digit of 496326476?
2
What is the ten thousands digit of 779870466?
7
What is the billions digit of 3837548237?
3
What is the ten thousands digit of 550379932?
7
What is the thousands digit of 46449574?
9
What is the hundreds digit of 70360533?
5
What is the hundreds digit of 16886975?
9
What is the units digit of 289596591?
1
What is the ten millions digit of 41884659?
4
What is the hundred thousands digit of 19210246?
2
What is the hundreds digit of 7309593?
5
What is the hundreds digit of 198336532?
5
What is the millions digit of 28160932?
8
What is the hundreds digit of 2887374482?
4
What is the ten thousands digit of 20891679?
9
What is the ten thousands digit of 778536840?
3
What is the billions digit of 7138626878?
7
What is the hundred millions digit of 418064200?
4
What is the hundreds digit of 1007185804?
8
What is the hundreds digit of 336545526?
5
What is the hundreds digit of 24175491?
4
What is the hundreds digit of 325587222?
2
What is the tens digit of 1641473053?
5
What is the units digit of 646336441?
1
What is the ten thousands digit of 132709246?
0
What is the hundred thousands digit of 8876537?
8
What is the ten millions digit of 5151201260?
5
What is the millions digit of 188066459?
8
What is the ten millions digit of 198986257?
9
What is the hundreds digit of 41996020?
0
What is the millions digit of 710091484?
0
What is the hundreds digit of 301261462?
4
What is the thousands digit of 226597348?
7
What is the ten thousands digit of 21651380?
5
What is the hundred thousands digit of 86042649?
0
What is the tens digit of 2768214055?
5
What is the ten thousands digit of 20764516?
6
What is the ten millions digit of 890394695?
9
What is the units digit of 407644889?
9
What is the hundreds digit of 153880560?
5
What is the tens digit of 620004336?
3
What is the ten millions digit of 1474624169?
7
What is the thousands digit of 1100052345?
2
What is the millions digit of 139631513?
9
What is the units digit of 1121384915?
5
What is the millions digit of 604804948?
4
What is the tens digit of 3818615928?
2
What is the ten thousands digit of 385225481?
2
What is the tens digit of 307589027?
2
What is the hundreds digit of 226793638?
6
What is the ten millions digit of 4989644190?
8
What is the ten thousands digit of 175392131?
9
What is the units digit of 638019387?
7
What is the millions digit of 85976867?
5
What is the hundred thousands digit of 7351834?
3
What is the ten thousands digit of 2152315921?
1
What is the thousands digit of 2567894347?
4
What is the hundred thousands digit of 530121313?
1
What is the units digit of 255807198?
8
What is the units digit of 452492?
2
What is the ten thousands digit of 94327602?
2
What is the units digit of 908999517?
7
What is the hundreds digit of 41840624?
6
What is the tens digit of 464347602?
0
What is the hundreds digit of 187672610?
6
What is the units digit of 932504362?
2
What is the ten millions digit of 450483450?
5
What is the billions digit of 3415185016?
3
What is the millions digit of 985448405?
5
What is the ten millions digit of 60441203?
6
What is the thousands digit of 5796783766?
3
What is the thousands digit of 64491306?
1
What is the hundreds digit of 843660645?
6
What is the ten thousands digit of 20339477?
3
What is the ten thousands digit of 35587312?
8
What is the ten millions digit of 78979369?
7
What is the tens digit of 43608305?
0
What is the millions digit of 137265154?
7
What is the millions digit of 65657750?
5
What is the units digit of 800040082?
2
What is the hundred thousands digit of 24092357?
0
What is the tens digit of 488534677?
7
What is the ten thousands digit of 3394985858?
8
What is the tens digit of 66320628?
2
What is the hundred thousands digit of 220765915?
7
What is the units digit of 5450114999?
9
What is the ten thousands digit of 19610290?
1
What is the units digit of 198786531?
1
What is the ten thousands digit of 6781666696?
6
What is the ten millions digit of 272486327?
7
What is the ten thousands digit of 986095895?
9
What is the millions digit of 269812070?
9
What is the units digit of 173000376?
6
What is the hundred thousands digit of 214947451?
9
What is the units digit of 477671038?
8
What is the ten thousands digit of 144341266?
4
What is the units digit of 244199871?
1
What is the billions digit of 7466772275?
7
What is the units digit of 2576191388?
8
What is the ten thousands digit of 167840489?
4
What is the hundred millions digit of 8321192820?
3
What is the units digit of 51059761?
1
What is the hundred millions digit of 200086363?
2
What is the tens digit of 20676921?
2
What is the thousands digit of 34993024?
3
What is the thousands digit of 8470923?
0
What is the units digit of 256117027?
7
What is the millions digit of 44349910?
4
What is the thousands digit of 395388072?
8
What is the ten thousands digit of 2093526542?
2
What is the hundreds digit of 760153552?
5
What is the ten millions digit of 38793638?
3
What is the units digit of 2733475029?
9
What is the units digit of 150922935?
5
What is the hundreds digit of 20536342?
3
What is the tens digit of 353675748?
4
What is the hundreds digit of 1424809920?
9
What is the thousands digit of 10715871?
5
What is the millions digit of 2450837034?
0
What is the hundreds digit of 39915916?
9
What is the thousands digit of 170839492?
9
What is the hundreds digit of 300180293?
2
What is the millions digit of 56815700?
6
What is the thousands digit of 1779520904?
0
What is the ten millions digit of 3254802080?
5
What is the units digit of 766159865?
5
What is the millions digit of 101133077?
1
What is the hundred thousands digit of 81222293?
2
What is the tens digit of 316849269?
6
What is the thousands digit of 217095492?
5
What is the millions digit of 13622358?
3
What is the millions digit of 142352981?
2
What is the units digit of 1034640499?
9
What is the millions digit of 74197949?
4
What is the thousands digit of 407028032?
8
What is the thousands digit of 1141493863?
3
What is the hundred thousands digit of 1741371229?
3
What is the hundreds digit of 28522760?
7
What is the millions digit of 344845780?
4
What is the hundred thousands digit of 4048788850?
7
What is the ten millions digit of 33009462?
3
What is the units digit of 18626305?
5
What is the ten millions digit of 172696139?
7
What is the ten thousands digit of 2234386167?
8
What is the units digit of 1060741334?
4
What is the hundred thousands digit of 33772700?
7
What is the hundreds digit of 34934039?
0
What is the thousands digit of 3207086632?
6
What is the hundreds digit of 1412168364?
3
What is the hundred millions digit of 404399023?
4
What is the ten thousands digit of 2811079?
1
What is the ten thousands digit of 3830858520?
5
What is the millions digit of 7015343?
7
What is the tens digit of 102050526?
2
What is the hundreds digit of 956894059?
0
What is the hundred thousands digit of 237497044?
4
What is the units digit of 2199386576?
6
What is the units digit of 3927050?
0
What is the tens digit of 31528051?
5
What is the hundred thousands digit of 383218699?
2
What is the tens digit of 896399325?
2
What is the ten millions digit of 836035362?
3
What is the tens digit of 3234575456?
5
What is the millions digit of 4638198406?
8
What is the units digit of 42431836?
6
What is the ten millions digit of 463437164?
6
What is the tens digit of 54321501?
0
What is the millions digit of 6890759303?
0
What is the hundred thousands digit of 41805322?
8
What is the ten millions digit of 367162772?
6
What is the hundred thousands digit of 2903897910?
8
What is the units digit of 3963675648?
8
What is the hundred millions digit of 6246484950?
2
What is the hundreds digit of 69499068?
0
What is the units digit of 753904171?
1
What is the ten millions digit of 149483838?
4
What is the millions digit of 501941210?
1
What is the ten millions digit of 177119157?
7
What is the thousands digit of 95405133?
5
What is the thousands digit of 2463844932?
4
What is the hundreds digit of 31983576?
5
What is the thousands digit of 33171521?
1
What is the tens digit of 1897834?
3
What is the hundred millions digit of 1274344027?
2
What is the tens digit of 883034888?
8
What is the m